{"id":2601,"date":"2021-03-06T10:09:11","date_gmt":"2021-03-06T09:09:11","guid":{"rendered":"http:\/\/fonteyneconstruction.be\/?page_id=2601"},"modified":"2021-03-07T19:43:45","modified_gmt":"2021-03-07T18:43:45","slug":"promo-immo-perwez","status":"publish","type":"page","link":"https:\/\/fonteyneconstruction.be\/?page_id=2601","title":{"rendered":"Perwez Promo Immo"},"content":{"rendered":"\t\t<div data-elementor-type=\"wp-page\" data-elementor-id=\"2601\" class=\"elementor elementor-2601\">\n\t\t\t\t\t\t<section class=\"elementor-section elementor-top-section elementor-element elementor-element-6f132627 elementor-section-boxed elementor-section-height-default elementor-section-height-default\" data-id=\"6f132627\" data-element_type=\"section\" data-e-type=\"section\" data-settings=\"{&quot;background_background&quot;:&quot;classic&quot;,&quot;_ha_eqh_enable&quot;:false}\">\n\t\t\t\t\t\t<div class=\"elementor-container elementor-column-gap-default\">\n\t\t\t\t\t<div class=\"elementor-column elementor-col-100 elementor-top-column elementor-element elementor-element-74fac266\" data-id=\"74fac266\" data-element_type=\"column\" data-e-type=\"column\">\n\t\t\t<div class=\"elementor-widget-wrap elementor-element-populated\">\n\t\t\t\t\t\t<div class=\"elementor-element elementor-element-65fa506f elementor-widget elementor-widget-heading\" data-id=\"65fa506f\" data-element_type=\"widget\" data-e-type=\"widget\" data-widget_type=\"heading.default\">\n\t\t\t\t<div class=\"elementor-widget-container\">\n\t\t\t\t\t<h2 class=\"elementor-heading-title elementor-size-default\">Promotion immobili\u00e8re \u00e0 Perwez<\/h2>\t\t\t\t<\/div>\n\t\t\t\t<\/div>\n\t\t\t\t<div class=\"elementor-element elementor-element-1a9287ec elementor-widget elementor-widget-text-editor\" data-id=\"1a9287ec\" data-element_type=\"widget\" data-e-type=\"widget\" data-widget_type=\"text-editor.default\">\n\t\t\t\t<div class=\"elementor-widget-container\">\n\t\t\t\t\t\t\t\t\t<p>Construction d&#8217;une habitation basse \u00e9nergie 210m2 &#8211; 3 chambres avec suite parentale<\/p>\t\t\t\t\t\t\t\t<\/div>\n\t\t\t\t<\/div>\n\t\t\t\t<div class=\"elementor-element elementor-element-3bf2a575 gallery-spacing-custom elementor-widget elementor-widget-image-gallery\" data-id=\"3bf2a575\" data-element_type=\"widget\" data-e-type=\"widget\" data-widget_type=\"image-gallery.default\">\n\t\t\t\t<div class=\"elementor-widget-container\">\n\t\t\t\t\t\t\t<div class=\"elementor-image-gallery\">\n\t\t\t<div id='gallery-1' class='gallery galleryid-2601 gallery-columns-3 gallery-size-large'><figure class='gallery-item'>\n\t\t\t<div class='gallery-icon landscape'>\n\t\t\t\t<a data-elementor-open-lightbox=\"yes\" data-elementor-lightbox-slideshow=\"3bf2a575\" data-elementor-lightbox-title=\"IMG_0910\" data-e-action-hash=\"#elementor-action%3Aaction%3Dlightbox%26settings%3DeyJpZCI6MTg0NSwidXJsIjoiaHR0cHM6XC9cL2ZvbnRleW5lY29uc3RydWN0aW9uLmJlXC93cC1jb250ZW50XC91cGxvYWRzXC8yMDIxXC8wM1wvSU1HXzA5MTAtc2NhbGVkLWUxNjE1NjM5OTk5OTE3LmpwZyIsInNsaWRlc2hvdyI6IjNiZjJhNTc1In0%3D\" href='https:\/\/fonteyneconstruction.be\/wp-content\/uploads\/2021\/03\/IMG_0910-scaled-e1615639999917.jpg'><img fetchpriority=\"high\" decoding=\"async\" width=\"1024\" height=\"619\" src=\"https:\/\/fonteyneconstruction.be\/wp-content\/uploads\/2021\/03\/IMG_0910-scaled-e1615639999917.jpg\" class=\"attachment-large size-large\" alt=\"\" \/><\/a>\n\t\t\t<\/div><\/figure><figure class='gallery-item'>\n\t\t\t<div class='gallery-icon landscape'>\n\t\t\t\t<a data-elementor-open-lightbox=\"yes\" data-elementor-lightbox-slideshow=\"3bf2a575\" data-elementor-lightbox-title=\"IMG_0902\" data-e-action-hash=\"#elementor-action%3Aaction%3Dlightbox%26settings%3DeyJpZCI6MTg0NCwidXJsIjoiaHR0cHM6XC9cL2ZvbnRleW5lY29uc3RydWN0aW9uLmJlXC93cC1jb250ZW50XC91cGxvYWRzXC8yMDIxXC8wM1wvSU1HXzA5MDItc2NhbGVkLmpwZyIsInNsaWRlc2hvdyI6IjNiZjJhNTc1In0%3D\" href='https:\/\/fonteyneconstruction.be\/wp-content\/uploads\/2021\/03\/IMG_0902-scaled.jpg'><img decoding=\"async\" width=\"1024\" height=\"768\" src=\"https:\/\/fonteyneconstruction.be\/wp-content\/uploads\/2021\/03\/IMG_0902-scaled.jpg\" class=\"attachment-large size-large\" alt=\"\" srcset=\"https:\/\/fonteyneconstruction.be\/wp-content\/uploads\/2021\/03\/IMG_0902-scaled.jpg 2560w, https:\/\/fonteyneconstruction.be\/wp-content\/uploads\/2021\/03\/IMG_0902-300x225.jpg 300w\" sizes=\"(max-width: 1024px) 100vw, 1024px\" \/><\/a>\n\t\t\t<\/div><\/figure><figure class='gallery-item'>\n\t\t\t<div class='gallery-icon landscape'>\n\t\t\t\t<a data-elementor-open-lightbox=\"yes\" data-elementor-lightbox-slideshow=\"3bf2a575\" data-elementor-lightbox-title=\"IMG_0901\" data-e-action-hash=\"#elementor-action%3Aaction%3Dlightbox%26settings%3DeyJpZCI6MjQ0NCwidXJsIjoiaHR0cHM6XC9cL2ZvbnRleW5lY29uc3RydWN0aW9uLmJlXC93cC1jb250ZW50XC91cGxvYWRzXC8yMDIxXC8wM1wvSU1HXzA5MDEtMS1zY2FsZWQtZTE2MTU2NDAyMDE1NjQuanBnIiwic2xpZGVzaG93IjoiM2JmMmE1NzUifQ%3D%3D\" href='https:\/\/fonteyneconstruction.be\/wp-content\/uploads\/2021\/03\/IMG_0901-1-scaled-e1615640201564.jpg'><img decoding=\"async\" width=\"1024\" height=\"670\" src=\"https:\/\/fonteyneconstruction.be\/wp-content\/uploads\/2021\/03\/IMG_0901-1-scaled-e1615640201564.jpg\" class=\"attachment-large size-large\" alt=\"\" \/><\/a>\n\t\t\t<\/div><\/figure><figure class='gallery-item'>\n\t\t\t<div class='gallery-icon landscape'>\n\t\t\t\t<a data-elementor-open-lightbox=\"yes\" data-elementor-lightbox-slideshow=\"3bf2a575\" data-elementor-lightbox-title=\"IMG_0900\" data-e-action-hash=\"#elementor-action%3Aaction%3Dlightbox%26settings%3DeyJpZCI6MjQ0MywidXJsIjoiaHR0cHM6XC9cL2ZvbnRleW5lY29uc3RydWN0aW9uLmJlXC93cC1jb250ZW50XC91cGxvYWRzXC8yMDIxXC8wM1wvSU1HXzA5MDAtc2NhbGVkLmpwZyIsInNsaWRlc2hvdyI6IjNiZjJhNTc1In0%3D\" href='https:\/\/fonteyneconstruction.be\/wp-content\/uploads\/2021\/03\/IMG_0900-scaled.jpg'><img loading=\"lazy\" decoding=\"async\" width=\"1024\" height=\"768\" src=\"https:\/\/fonteyneconstruction.be\/wp-content\/uploads\/2021\/03\/IMG_0900-scaled.jpg\" class=\"attachment-large size-large\" alt=\"\" srcset=\"https:\/\/fonteyneconstruction.be\/wp-content\/uploads\/2021\/03\/IMG_0900-scaled.jpg 2560w, https:\/\/fonteyneconstruction.be\/wp-content\/uploads\/2021\/03\/IMG_0900-300x225.jpg 300w\" sizes=\"(max-width: 1024px) 100vw, 1024px\" \/><\/a>\n\t\t\t<\/div><\/figure><figure class='gallery-item'>\n\t\t\t<div class='gallery-icon landscape'>\n\t\t\t\t<a data-elementor-open-lightbox=\"yes\" data-elementor-lightbox-slideshow=\"3bf2a575\" data-elementor-lightbox-title=\"IMG_0851\" data-e-action-hash=\"#elementor-action%3Aaction%3Dlightbox%26settings%3DeyJpZCI6MjQ0MSwidXJsIjoiaHR0cHM6XC9cL2ZvbnRleW5lY29uc3RydWN0aW9uLmJlXC93cC1jb250ZW50XC91cGxvYWRzXC8yMDIxXC8wM1wvSU1HXzA4NTEtc2NhbGVkLmpwZyIsInNsaWRlc2hvdyI6IjNiZjJhNTc1In0%3D\" href='https:\/\/fonteyneconstruction.be\/wp-content\/uploads\/2021\/03\/IMG_0851-scaled.jpg'><img loading=\"lazy\" decoding=\"async\" width=\"1024\" height=\"768\" src=\"https:\/\/fonteyneconstruction.be\/wp-content\/uploads\/2021\/03\/IMG_0851-scaled.jpg\" class=\"attachment-large size-large\" alt=\"\" srcset=\"https:\/\/fonteyneconstruction.be\/wp-content\/uploads\/2021\/03\/IMG_0851-scaled.jpg 2560w, https:\/\/fonteyneconstruction.be\/wp-content\/uploads\/2021\/03\/IMG_0851-300x225.jpg 300w\" sizes=\"(max-width: 1024px) 100vw, 1024px\" \/><\/a>\n\t\t\t<\/div><\/figure><figure class='gallery-item'>\n\t\t\t<div class='gallery-icon landscape'>\n\t\t\t\t<a data-elementor-open-lightbox=\"yes\" data-elementor-lightbox-slideshow=\"3bf2a575\" data-elementor-lightbox-title=\"IMG_0850\" data-e-action-hash=\"#elementor-action%3Aaction%3Dlightbox%26settings%3DeyJpZCI6MjQ0MCwidXJsIjoiaHR0cHM6XC9cL2ZvbnRleW5lY29uc3RydWN0aW9uLmJlXC93cC1jb250ZW50XC91cGxvYWRzXC8yMDIxXC8wM1wvSU1HXzA4NTAtc2NhbGVkLmpwZyIsInNsaWRlc2hvdyI6IjNiZjJhNTc1In0%3D\" href='https:\/\/fonteyneconstruction.be\/wp-content\/uploads\/2021\/03\/IMG_0850-scaled.jpg'><img loading=\"lazy\" decoding=\"async\" width=\"1024\" height=\"768\" src=\"https:\/\/fonteyneconstruction.be\/wp-content\/uploads\/2021\/03\/IMG_0850-scaled.jpg\" class=\"attachment-large size-large\" alt=\"\" srcset=\"https:\/\/fonteyneconstruction.be\/wp-content\/uploads\/2021\/03\/IMG_0850-scaled.jpg 2560w, https:\/\/fonteyneconstruction.be\/wp-content\/uploads\/2021\/03\/IMG_0850-300x225.jpg 300w\" sizes=\"(max-width: 1024px) 100vw, 1024px\" \/><\/a>\n\t\t\t<\/div><\/figure><figure class='gallery-item'>\n\t\t\t<div class='gallery-icon landscape'>\n\t\t\t\t<a data-elementor-open-lightbox=\"yes\" data-elementor-lightbox-slideshow=\"3bf2a575\" data-elementor-lightbox-title=\"IMG_0901\" data-e-action-hash=\"#elementor-action%3Aaction%3Dlightbox%26settings%3DeyJpZCI6MTg0MywidXJsIjoiaHR0cHM6XC9cL2ZvbnRleW5lY29uc3RydWN0aW9uLmJlXC93cC1jb250ZW50XC91cGxvYWRzXC8yMDIxXC8wM1wvSU1HXzA5MDEtc2NhbGVkLmpwZyIsInNsaWRlc2hvdyI6IjNiZjJhNTc1In0%3D\" href='https:\/\/fonteyneconstruction.be\/wp-content\/uploads\/2021\/03\/IMG_0901-scaled.jpg'><img loading=\"lazy\" decoding=\"async\" width=\"1024\" height=\"768\" src=\"https:\/\/fonteyneconstruction.be\/wp-content\/uploads\/2021\/03\/IMG_0901-scaled.jpg\" class=\"attachment-large size-large\" alt=\"\" srcset=\"https:\/\/fonteyneconstruction.be\/wp-content\/uploads\/2021\/03\/IMG_0901-scaled.jpg 2560w, https:\/\/fonteyneconstruction.be\/wp-content\/uploads\/2021\/03\/IMG_0901-300x225.jpg 300w\" sizes=\"(max-width: 1024px) 100vw, 1024px\" \/><\/a>\n\t\t\t<\/div><\/figure><figure class='gallery-item'>\n\t\t\t<div class='gallery-icon landscape'>\n\t\t\t\t<a data-elementor-open-lightbox=\"yes\" data-elementor-lightbox-slideshow=\"3bf2a575\" data-elementor-lightbox-title=\"IMG_0904\" data-e-action-hash=\"#elementor-action%3Aaction%3Dlightbox%26settings%3DeyJpZCI6MjQ0NywidXJsIjoiaHR0cHM6XC9cL2ZvbnRleW5lY29uc3RydWN0aW9uLmJlXC93cC1jb250ZW50XC91cGxvYWRzXC8yMDIxXC8wM1wvSU1HXzA5MDQtc2NhbGVkLmpwZyIsInNsaWRlc2hvdyI6IjNiZjJhNTc1In0%3D\" href='https:\/\/fonteyneconstruction.be\/wp-content\/uploads\/2021\/03\/IMG_0904-scaled.jpg'><img loading=\"lazy\" decoding=\"async\" width=\"1024\" height=\"768\" src=\"https:\/\/fonteyneconstruction.be\/wp-content\/uploads\/2021\/03\/IMG_0904-scaled.jpg\" class=\"attachment-large size-large\" alt=\"\" srcset=\"https:\/\/fonteyneconstruction.be\/wp-content\/uploads\/2021\/03\/IMG_0904-scaled.jpg 2560w, https:\/\/fonteyneconstruction.be\/wp-content\/uploads\/2021\/03\/IMG_0904-300x225.jpg 300w\" sizes=\"(max-width: 1024px) 100vw, 1024px\" \/><\/a>\n\t\t\t<\/div><\/figure>\n\t\t<\/div>\n\t\t<\/div>\n\t\t\t\t\t\t<\/div>\n\t\t\t\t<\/div>\n\t\t\t\t<div class=\"elementor-element elementor-element-4175c528 elementor-widget-divider--view-line elementor-widget elementor-widget-divider\" data-id=\"4175c528\" data-element_type=\"widget\" data-e-type=\"widget\" data-widget_type=\"divider.default\">\n\t\t\t\t<div class=\"elementor-widget-container\">\n\t\t\t\t\t\t\t<div class=\"elementor-divider\">\n\t\t\t<span class=\"elementor-divider-separator\">\n\t\t\t\t\t\t<\/span>\n\t\t<\/div>\n\t\t\t\t\t\t<\/div>\n\t\t\t\t<\/div>\n\t\t\t\t\t<\/div>\n\t\t<\/div>\n\t\t\t\t\t<\/div>\n\t\t<\/section>\n\t\t\t\t<\/div>\n\t\t","protected":false},"excerpt":{"rendered":"<p>Promotion immobili\u00e8re \u00e0 Perwez Construction d&#8217;une habitation basse \u00e9nergie 210m2 &#8211; 3 chambres avec suite parentale<\/p>\n","protected":false},"author":1,"featured_media":0,"parent":74,"menu_order":0,"comment_status":"closed","ping_status":"closed","template":"","meta":{"_monsterinsights_skip_tracking":false,"_monsterinsights_sitenote_active":false,"_monsterinsights_sitenote_note":"","_monsterinsights_sitenote_category":0,"footnotes":""},"class_list":["post-2601","page","type-page","status-publish","hentry"],"_links":{"self":[{"href":"https:\/\/fonteyneconstruction.be\/index.php?rest_route=\/wp\/v2\/pages\/2601","targetHints":{"allow":["GET"]}}],"collection":[{"href":"https:\/\/fonteyneconstruction.be\/index.php?rest_route=\/wp\/v2\/pages"}],"about":[{"href":"https:\/\/fonteyneconstruction.be\/index.php?rest_route=\/wp\/v2\/types\/page"}],"author":[{"embeddable":true,"href":"https:\/\/fonteyneconstruction.be\/index.php?rest_route=\/wp\/v2\/users\/1"}],"replies":[{"embeddable":true,"href":"https:\/\/fonteyneconstruction.be\/index.php?rest_route=%2Fwp%2Fv2%2Fcomments&post=2601"}],"version-history":[{"count":0,"href":"https:\/\/fonteyneconstruction.be\/index.php?rest_route=\/wp\/v2\/pages\/2601\/revisions"}],"up":[{"embeddable":true,"href":"https:\/\/fonteyneconstruction.be\/index.php?rest_route=\/wp\/v2\/pages\/74"}],"wp:attachment":[{"href":"https:\/\/fonteyneconstruction.be\/index.php?rest_route=%2Fwp%2Fv2%2Fmedia&parent=2601"}],"curies":[{"name":"wp","href":"https:\/\/api.w.org\/{rel}","templated":true}]}}