{"id":3125,"date":"2021-03-14T17:39:48","date_gmt":"2021-03-14T16:39:48","guid":{"rendered":"https:\/\/fonteyneconstruction.be\/?page_id=3125"},"modified":"2021-03-14T17:58:49","modified_gmt":"2021-03-14T16:58:49","slug":"cge","status":"publish","type":"page","link":"https:\/\/fonteyneconstruction.be\/?page_id=3125","title":{"rendered":"CGE"},"content":{"rendered":"\t\t<div data-elementor-type=\"wp-page\" data-elementor-id=\"3125\" class=\"elementor elementor-3125\">\n\t\t\t\t\t\t<section class=\"elementor-section elementor-top-section elementor-element elementor-element-30ccfa87 elementor-section-boxed elementor-section-height-default elementor-section-height-default\" data-id=\"30ccfa87\" data-element_type=\"section\" data-e-type=\"section\" data-settings=\"{&quot;background_background&quot;:&quot;classic&quot;,&quot;_ha_eqh_enable&quot;:false}\">\n\t\t\t\t\t\t\t<div class=\"elementor-background-overlay\"><\/div>\n\t\t\t\t\t\t\t<div class=\"elementor-container elementor-column-gap-no\">\n\t\t\t\t\t<div class=\"elementor-column elementor-col-100 elementor-top-column elementor-element elementor-element-67dfe069\" data-id=\"67dfe069\" data-element_type=\"column\" data-e-type=\"column\">\n\t\t\t<div class=\"elementor-widget-wrap elementor-element-populated\">\n\t\t\t\t\t\t<div class=\"elementor-element elementor-element-9e866d5 elementor-widget elementor-widget-heading\" data-id=\"9e866d5\" data-element_type=\"widget\" data-e-type=\"widget\" data-widget_type=\"heading.default\">\n\t\t\t\t<div class=\"elementor-widget-container\">\n\t\t\t\t\t<h1 class=\"elementor-heading-title elementor-size-default\">C.G.E.<\/h1>\t\t\t\t<\/div>\n\t\t\t\t<\/div>\n\t\t\t\t\t<\/div>\n\t\t<\/div>\n\t\t\t\t\t<\/div>\n\t\t<\/section>\n\t\t\t\t<section class=\"elementor-section elementor-top-section elementor-element elementor-element-41433c5 elementor-section-boxed elementor-section-height-default elementor-section-height-default\" data-id=\"41433c5\" data-element_type=\"section\" data-e-type=\"section\" data-settings=\"{&quot;background_background&quot;:&quot;classic&quot;,&quot;_ha_eqh_enable&quot;:false}\">\n\t\t\t\t\t\t<div class=\"elementor-container elementor-column-gap-default\">\n\t\t\t\t\t<div class=\"elementor-column elementor-col-100 elementor-top-column elementor-element elementor-element-4a576b7\" data-id=\"4a576b7\" data-element_type=\"column\" data-e-type=\"column\">\n\t\t\t<div class=\"elementor-widget-wrap elementor-element-populated\">\n\t\t\t\t\t\t<div class=\"elementor-element elementor-element-31492fc elementor-widget elementor-widget-spacer\" data-id=\"31492fc\" data-element_type=\"widget\" data-e-type=\"widget\" data-widget_type=\"spacer.default\">\n\t\t\t\t<div class=\"elementor-widget-container\">\n\t\t\t\t\t\t\t<div class=\"elementor-spacer\">\n\t\t\t<div class=\"elementor-spacer-inner\"><\/div>\n\t\t<\/div>\n\t\t\t\t\t\t<\/div>\n\t\t\t\t<\/div>\n\t\t\t\t<div class=\"elementor-element elementor-element-3175fe0 elementor-widget elementor-widget-heading\" data-id=\"3175fe0\" data-element_type=\"widget\" data-e-type=\"widget\" data-widget_type=\"heading.default\">\n\t\t\t\t<div class=\"elementor-widget-container\">\n\t\t\t\t\t<h2 class=\"elementor-heading-title elementor-size-default\">Conditions g\u00e9n\u00e9rales d'entreprise<\/h2>\t\t\t\t<\/div>\n\t\t\t\t<\/div>\n\t\t\t\t<div class=\"elementor-element elementor-element-14f3938 elementor-widget elementor-widget-text-editor\" data-id=\"14f3938\" data-element_type=\"widget\" data-e-type=\"widget\" data-widget_type=\"text-editor.default\">\n\t\t\t\t<div class=\"elementor-widget-container\">\n\t\t\t\t\t\t\t\t\t<p><span class=\"Apple-converted-space\">&nbsp;<\/span>ARTICLE 1. -Les pr\u00e9sentes conditions g\u00e9n\u00e9rales sont, de convention expresse, applicables \u00e0 tous nos contrats et engagements.<\/p>\n<p>Toutes autres conditions ne sont pas opposables.<\/p>\n<p>ARTICLE 2. -Les pr\u00e9sentes stipulations sont de m\u00eame applicables, de convention expresse, \u00e0 tous nos co-contractants : particuliers, fournisseurs, sous-traitants.<\/p>\n<p>ARTICLE 3. \u2013Nous traitons \u00e0 forfait relatif en rapport avec le bordereau des prix unitaires avant servi de base \u00e0 l&#8217;\u00e9tablissement de nos offres ou devis.<\/p>\n<p>ARTICLE 4. -Nos offres peuvent toujours \u00eatre r\u00e9tract\u00e9es ou modifi\u00e9es jusqu&#8217;\u00e0 r\u00e9ception de la commande ferme et expresse du client.<\/p>\n<p>Elles doivent \u00eatre accept\u00e9es dans leur int\u00e9gralit\u00e9, sauf d\u00e9rogation \u00e9crite.<\/p>\n<p>ARTICLE 5. \u2013Qu\u2019il s&#8217;agisse de travaux ex\u00e9cut\u00e9s par nous-m\u00eames ou pour notre compte, sur chantier ou \u00e0 l&#8217;atelier, toutes modificationsdes salaires, des charges sociales, du prix des mat\u00e9riaux ou de leur transport, ainsi que toutes taxations nouvelles, impos\u00e9es en vertud&#8217;une disposition l\u00e9gale ou r\u00e9glementaire et survenue post\u00e9rieurement \u00e0 la date de la remise de nos offres ou devis, peuvent donnerlieu\u00e0 un d\u00e9compte.<\/p>\n<p>ARTICLE 6. -Tout \u00e9v\u00e9nement constituant un obstacle insurmontable \u00e0 l&#8217;ex\u00e9cution normale de nos obligations ou nous contraignant \u00e0suspendre temporairement ou d\u00e9finitivement nos travaux, sera consid\u00e9r\u00e9 comme cas de force majeure, par exemple les accidents,lesguerres et leurs cons\u00e9quences, les intemp\u00e9ries, les gr\u00e8ves ou le lock-out et les difficult\u00e9s d&#8217;approvisionnement. Les travaux seront de m\u00eame suspendus ou prorog\u00e9s du nombre de jours de retard dans l&#8217;\u00e9chelle des paiements.<\/p>\n<p>&nbsp;ARTICLE 7. -Le ma\u00eetre de l&#8217;ouvrage renonce \u00e0 toutes r\u00e9clamations d&#8217;une indemnisation quelconque du chef de retard dans l&#8217;ex\u00e9cution de l&#8217;entreprise, \u00e0 moins qu&#8217;elle n&#8217;ait \u00e9t\u00e9 stipul\u00e9e par \u00e9crit et accept\u00e9e par les deux parties contractantes. Dans ce cas, toutefois, le droit \u00e0l&#8217;indemnisation ne s&#8217;ouvrira qu&#8217;apr\u00e8s une mise en demeure par lettre recommand\u00e9e rest\u00e9e sans suite pendant les 8 premiers jours qui lasuivent.<\/p>\n<p>ARTICLE 8. -La suspension temporaire des travaux pour cause de force majeure entra\u00eene de plein droit et sans indemnit\u00e9 laprolongation du d\u00e9lai d&#8217;ex\u00e9cution initialement pr\u00e9vu, d&#8217;une p\u00e9riode \u00e9gale\u00e0 la dur\u00e9e de la suspension, augment\u00e9e du laps de tempsn\u00e9cessaire \u00e0 la remise en route duchantier.<\/p>\n<p>ARTICLE 9. -Il n&#8217;est pas besoin de commande \u00e9crite pour les travaux suppl\u00e9mentaires. L\u2019ex\u00e9cution de ceux-ci sans protestationimm\u00e9diate de nos co-contractants vaut commande. Le prix en sera d\u00e9termin\u00e9 au cours du jour de l&#8217;ex\u00e9cution.<\/p>\n<p>ARTICLE 10. \u2013Si le client \u2013ou son repr\u00e9sentant, ou son architecte -nous impose un mat\u00e9riau d&#8217;une qualit\u00e9 ou d&#8217;une provenance oud&#8217;un type d\u00e9termin\u00e9 et ce, en d\u00e9pit d&#8217;une r\u00e9serve \u00e9crite et motiv\u00e9e, nous serons d\u00e9charg\u00e9s de toute responsabilit\u00e9 du fait desd\u00e9fectuosit\u00e9s ayant pour origine le choix du dit mat\u00e9riau ou du dit proc\u00e9d\u00e9.<\/p>\n<p>ARTICLE 11. -Pour \u00eatre valables et pour nous \u00eatre opposables, les communications du client relatives \u00e0 l&#8217;ex\u00e9cution des travaux devront\u00eatre adress\u00e9es par \u00e9crit.<\/p>\n<p>ARTICLE 12. -D\u00e8s r\u00e9ception de la commande ferme par l&#8217;entrepreneur, le ma\u00eetre de l&#8217;ouvrage s&#8217;engage \u00e0 effectuer le paiement d&#8217;unacompte initial de 30% du forfait convenu dans l&#8217;offre ou le devis. L&#8217;acompte initial fera l&#8217;objet d&#8217;une premi\u00e8re facture. Les paiementss&#8217;effectueront par acomptes successifs \u00e9tablis conform\u00e9ment \u00e0 l&#8217;\u00e9tat d&#8217;avancement des travaux. Nos \u00e9tats d&#8217;avancement sont payablessans retenue d\u2019aucune sorte, nonobstant les critiques \u00e9ventuellement formul\u00e9es par les clients, sauf si des malfa\u00e7ons graves ont \u00e9t\u00e9constat\u00e9es. Le montant des acomptes sera fix\u00e9 proportionnellement \u00e0 l&#8217;\u00e9tat des travaux et \u00e0 la valeur des mat\u00e9riaux acquis ou mis enoeuvre, ou conform\u00e9ment aux conditions particuli\u00e8res \u00e9ventuelles. Il sera donn\u00e9 suite aux demandes de paiement dans les 15 jours dela remise de la facture aux clients. Si une retenue pour garantie a \u00e9t\u00e9 convenue, elle est appliqu\u00e9e sur le d\u00e9compte final \u00e0 terminaison de l&#8217;ouvrage et doit \u00eatre rembours\u00e9e \u00e0 la date de la r\u00e9ception d\u00e9finitive. Au cas o\u00f9 un cautionnement est d\u00e9pos\u00e9 pr\u00e9alablement,l&#8217;entrepreneur est lib\u00e9r\u00e9 de toute retenue pour garantie.<\/p>\n<p>ARTICLE 13. \u2013Un int\u00e9r\u00eat de retard au taux annuel de 15% sera exigible en tout \u00e9tat de cause et sans mise en demeure \u00e0 d\u00e9faut depaiement des acomptes \u00e0 leur \u00e9ch\u00e9ance. A d\u00e9faut pour le client de r\u00e9gler les acomptes dans les 30 jours de la demande de paiement,nous nous r\u00e9servons le droit d&#8217;arr\u00eater les travaux sur simple avis adress\u00e9 au client par lettre recommand\u00e9e et de prendre toutes lesmesures conservatoires et utiles, \u00e0 ses frais, et sans pr\u00e9judice \u00e0 tout droit, ainsi qu&#8217;\u00e0 toute action.<\/p>\n<p>ARTICLE 14. \u2013Il sera proc\u00e9d\u00e9 \u00e0 la r\u00e9ception provisoire des travaux, d\u00e8s leur ach\u00e8vement, par le client ou par l&#8217;architecte en notrepr\u00e9sence, et un proc\u00e8s verbal sera \u00e9tabli contradictoirement. A d\u00e9faut pour le client d&#8217;assister ou de se faire repr\u00e9senter valablement\u00e0cette r\u00e9ception, le client dispose d\u2019un d\u00e9lai de 15 jours pour organiser une nouvelle r\u00e9union. A d\u00e9faut de ce faire, la r\u00e9ception provisoiresera cens\u00e9e obtenue depuis la fin de la p\u00e9riode de 15 jours pr\u00e9cit\u00e9e.<\/p>\n<p>La r\u00e9ception provisoire vaut agr\u00e9gation des travaux. La r\u00e9ception d\u00e9finitive aura lieu au plus tard 3 mois apr\u00e8s la r\u00e9ception provisoire etaux m\u00eames conditions que cette derni\u00e8re.<\/p>\n<p>La p\u00e9riode d\u2019\u00e9preuve commence \u00e0 courir d\u00e8s la r\u00e9ception provisoire ayant un effet d&#8217;agr\u00e9ation et prend fin \u00e0 la r\u00e9ception d\u00e9finitive.<\/p>\n<p>L\u2019expiration du d\u00e9lai d\u2019\u00e9preuve met fin \u00e0 la possibilit\u00e9 de mettre en cause la responsabilit\u00e9 de l&#8217;entrepreneur pour vices cach\u00e9s v\u00e9niels.<\/p>\n<p>ARTICLE 15. -La facture d\u00e9finitive, \u00e9tablie conform\u00e9ment au proc\u00e8s-verbal de la r\u00e9ception provisoire et compte tenu des acomptesvers\u00e9s, sera cens\u00e9e \u00eatre accept\u00e9e par le client, \u00e0d\u00e9faut d&#8217;avoir fait l&#8217;objet d&#8217;observations dans un d\u00e9lai de 15 jours prenant cours \u00e0 sar\u00e9ception. La facture est payable \u00e0 notre domicile et porte int\u00e9r\u00eats de plein droit et sans mise en demeure au taux annuel de 15%. Toutefacture quelconque non pay\u00e9e \u00e0son \u00e9ch\u00e9ance est major\u00e9e de plein droit, sans mise en demeure pr\u00e9alable, d&#8217;une indemnit\u00e9 forfaitaireet conventionnelle \u00e9gale \u00e0 20% du montant non r\u00e9gl\u00e9 avec un minimum de 100\u20ac.<\/p>\n<p>ARTICLE 16. -Le ma\u00eetre de l\u2019ouvrage ou son architecte assume l&#8217;enti\u00e8re responsabilit\u00e9 vis-\u00e0-vis des tiers et sp\u00e9cialement des voisins,des dommages r\u00e9sultant de la conception des travaux et du fait de leur ex\u00e9cution. La responsabilit\u00e9 de l&#8217;entrepreneur ne pourra \u00eatreengag\u00e9e que dans le cas o\u00f9 il serait d\u00e9montr\u00e9 qu&#8217;il a commis une faute lourde dans l&#8217;ex\u00e9cution de ses travaux.<\/p>\n<p><span style=\"font-size: 16px; background-color: var( --e-global-color-6718e2f );\">ARTICLE 17. -Toute contestation pouvant na\u00eetre de l&#8217;interpr\u00e9tation du pr\u00e9sent contrat, des pr\u00e9sentes conditions, ou \u00e0 l&#8217;occasion, de<\/span><\/p>\t\t\t\t\t\t\t\t<\/div>\n\t\t\t\t<\/div>\n\t\t\t\t\t<\/div>\n\t\t<\/div>\n\t\t\t\t\t<\/div>\n\t\t<\/section>\n\t\t\t\t<\/div>\n\t\t","protected":false},"excerpt":{"rendered":"<p>C.G.E. Conditions g\u00e9n\u00e9rales d&#8217;entreprise &nbsp;ARTICLE 1. -Les pr\u00e9sentes conditions g\u00e9n\u00e9rales sont, de convention expresse, applicables \u00e0 tous nos contrats et engagements. Toutes autres conditions ne sont pas opposables. ARTICLE 2. -Les pr\u00e9sentes stipulations sont de m\u00eame applicables, de convention expresse, \u00e0 tous nos co-contractants : particuliers, fournisseurs, sous-traitants. ARTICLE 3. \u2013Nous traitons \u00e0 forfait relatif &hellip;<\/p>\n<p class=\"read-more\"> <a class=\"\" href=\"https:\/\/fonteyneconstruction.be\/?page_id=3125\"> <span class=\"screen-reader-text\">CGE<\/span> Lire la suite\u00a0\u00bb<\/a><\/p>\n","protected":false},"author":1,"featured_media":0,"parent":0,"menu_order":0,"comment_status":"closed","ping_status":"closed","template":"","meta":{"_monsterinsights_skip_tracking":false,"_monsterinsights_sitenote_active":false,"_monsterinsights_sitenote_note":"","_monsterinsights_sitenote_category":0,"footnotes":""},"class_list":["post-3125","page","type-page","status-publish","hentry"],"_links":{"self":[{"href":"https:\/\/fonteyneconstruction.be\/index.php?rest_route=\/wp\/v2\/pages\/3125","targetHints":{"allow":["GET"]}}],"collection":[{"href":"https:\/\/fonteyneconstruction.be\/index.php?rest_route=\/wp\/v2\/pages"}],"about":[{"href":"https:\/\/fonteyneconstruction.be\/index.php?rest_route=\/wp\/v2\/types\/page"}],"author":[{"embeddable":true,"href":"https:\/\/fonteyneconstruction.be\/index.php?rest_route=\/wp\/v2\/users\/1"}],"replies":[{"embeddable":true,"href":"https:\/\/fonteyneconstruction.be\/index.php?rest_route=%2Fwp%2Fv2%2Fcomments&post=3125"}],"version-history":[{"count":10,"href":"https:\/\/fonteyneconstruction.be\/index.php?rest_route=\/wp\/v2\/pages\/3125\/revisions"}],"predecessor-version":[{"id":3146,"href":"https:\/\/fonteyneconstruction.be\/index.php?rest_route=\/wp\/v2\/pages\/3125\/revisions\/3146"}],"wp:attachment":[{"href":"https:\/\/fonteyneconstruction.be\/index.php?rest_route=%2Fwp%2Fv2%2Fmedia&parent=3125"}],"curies":[{"name":"wp","href":"https:\/\/api.w.org\/{rel}","templated":true}]}}